*2 - 9*v - 3. What are the prime factors of h(q)?
5
Suppose -70*y + 201993 = 26923. What are the prime factors of y?
41, 61
Suppose 2*b - 3 = -7, 0 = -5*t + 2*b - 56. Let m(p) = -7*p - 3*p**2 - 8 + 2*p**2 - 8*p. List the prime factors of m(t).
2, 7
Suppose 8*o - 6*o = -5*u + 2007, 0 = u - 2*o - 399. Let c = u + -255. What are the prime factors of c?
2, 73
Suppose 0*q - 90 = -3*q + o, 5*o = -15. Let r = q + 9. What are the prime factors of r?
2, 19
Let v be (-6)/(-39) + 48/26. Suppose 188 = v*p - 6. List the prime factors of p.
97
Let t = 113 - 77. Suppose -3*d = d + t. Let x = -6 - d. What are the prime factors of x?
3
Let z(j) be the third derivative of 0 + 0*j - 5*j**2 + 1/6*j**4 - 1/3*j**3. What are the prime factors of z(3)?
2, 5
List the prime factors of 98 + (-2 - (-1 + 2)).
5, 19
Let s = 27 - 26. Let w be -9 + s*2/(-2). Let l(p) = -p**2 - 16*p - 2. List the prime factors of l(w).
2, 29
Let g be (10/(3 + 2))/1. Suppose -5*p + 10 = -0*p. Suppose p*z = -g*z + 36. List the prime factors of z.
3
Let g be 4/(2 - -4 - 4). Let p(t) = -2 - 2*t + 0*t**3 + 4*t**3 - 2*t**2 + 3*t. What are the prime factors of p(g)?
2, 3
Suppose 0 = -3*a + 283 + 224. What are the prime factors of a?
13
Let o(f) = f - 43. Let x be o(19). Let c be x/(-5) + 4/(-5). Let b = 65 + c. What are the prime factors of b?
3, 23
Let d be 140/44 + 6/(-33). Suppose -2*o - d*z = -199, 3*z - 8*z - 175 = -2*o. List the prime factors of o.
5, 19
Suppose -y + 8 = 4*l, 16*y - 22 = 11*y - 2*l. Let d(v) be the first derivative of v**4/2 - 7*v**3/3 + 3*v**2/2 + 5*v + 1. List the prime factors of d(y).
3, 11
Suppose o + 4*x - 80 = 0, -7*o + 320 = -3*o - 2*x. Let y = -36 + o. List the prime factors of y.
2, 11
Let x(q) = 132*q - 7. Let j be x(-2). Let f = -150 - j. List the prime factors of f.
11
List the prime factors of (-11 - -6) + 375/1.
2, 5, 37
Suppose -16705 = -5*s + 3*f, 5*f - 5562 = 4*s - 18926. What are the prime factors of s?
13, 257
Suppose 5*c + 2987 = 2*a, -2*c + 3*a = a + 1196. Let h be c/(-9) - (-2)/(-6). Suppose -h = -4*r + 54. What are the prime factors of r?
2, 3, 5
Let a = -108 + -22. Let s = a - -405. Suppose -6*t = -11*t + s. What are the prime factors of t?
5, 11
Suppose 2*h = -3*h + 335. Let s(j) = 2*j**3 - 55*j**2 + 24*j + 50. Let m be s(27). Let i = h + m. What are the prime factors of i?
2, 3
Let a(f) = -f**3 - 9*f**2 - 9*f - 12. Let t(s) = -2*s. Let n be t(4). Let o be a(n). Let k = 15 + o. What are the prime factors of k?
11
Let v(c) = 16*c**2 - 1. Suppose 5*g + 16 - 21 = 0. Suppose -3*s = 5*m - g - 9, -20 = -4*s. List the prime factors of v(m).
3, 5
Suppose 0 = -4*l - d - 3, 0 = -3*l - 2*d - d - 9. Suppose -46 = -g + 2*t, l*t + 212 = 4*g - t. List the prime factors of g.
2, 3
Let p(c) be the second derivative of 83*c**5/10 + c**4/6 - c**3/3 - 11*c. List the prime factors of p(1).
2, 83
Suppose 5*r = 5*t - 6745, -6*r + 7*r = 3*t - 4057. List the prime factors of t.
2, 677
Let g = -9 + 11. Suppose -3*f = -0*f + 2*c - 29, 6 = g*f + 4*c. List the prime factors of f.
13
Suppose 1052 = 3*n - 5*z, 0*z = -4*n + 2*z + 1426. What are the prime factors of n?
359
What are the prime factors of (2 - -714)*((-42)/(-12) + -3)?
2, 179
List the prime factors of (-5 - 7/7) + 1316.
2, 5, 131
Let m = -25 - -23. What are the prime factors of (m + -31)*(-6)/(-18)*-3?
3, 11
Let a(l) = -4*l - 18. Let n(o) = 5*o + 15. Let d be n(-7). Let z = d + 13. What are the prime factors of a(z)?
2, 5
Suppose -g - 3*p = -532, 5*g + p - 3866 = -1150. List the prime factors of g.
2, 17
Suppose 2*m = 7*m + 25, 4*d - 3060 = 4*m. List the prime factors of d.
2, 5, 19
Suppose 0 = 8*b + 48*b - 298480. What are the prime factors of b?
2, 5, 13, 41
Let o = 0 + 2. Let s(r) be the second derivative of 3*r**5/20 + r**4/6 - r**3/3 - r**2/2 - 12*r - 3. What are the prime factors of s(o)?
3
Suppose -5*x + 5*b + 4566 = -394, -5*x - 3*b + 4920 = 0. List the prime factors of x.
3, 7, 47
Let o be -2 - (0 + -7 + 4). What are the prime factors of (222/18)/(o/3)?
37
What are the prime factors of (-10551)/(-12) - (-6)/8?
2, 5, 11
Let q be 0 + (0 - 2 - -392). Suppose -q = -4*f + 274. List the prime factors of f.
2, 83
Suppose -d - 3*m + 2 + 1 = 0, 2*m = 6. Let l = -1 + d. What are the prime factors of l*(-10)/(2 - 0)?
5, 7
Let j(d) = -129*d - 3. What are the prime factors of j(-2)?
3, 5, 17
Suppose -1772 = 6*z - 6188. What are the prime factors of z?
2, 23
Suppose 5*y - 55 = 3*b - 2*b, -3*y + b + 35 = 0. List the prime factors of y*58/6 - 2/3.
2, 3
Let q(j) = 103*j**3 - j**2 + j. Let l be q(1). Suppose 0 = 3*v + 3*a - 183, -l - 88 = -3*v - a. What are the prime factors of v?
5, 13
Let w = 75 - 40. Let d = w + -1. What are the prime factors of d?
2, 17
Let v be 8/36 + (-2)/9. Let g be (-5)/(-2)*(2 + v). Suppose -5*l + l + 119 = -g*k, 29 = l - k. What are the prime factors of l?
2, 13
Let t(j) be the third derivative of j**7/1260 - j**6/720 - j**4/4 - 4*j**2. Let q(l) be the second derivative of t(l). List the prime factors of q(-2).
2, 5
Suppose -2*f - 2*f = i - 725, -5*f + 2*i = -890. Let c = f - 38. List the prime factors of c.
2, 71
Let z = -3664 - -6056. List the prime factors of z.
2, 13, 23
Let g be (-1094)/3 - 11/33. Let d = -254 - g. What are the prime factors of d?
3, 37
Suppose 282 = -10*k + 92. Let o = k + 165. What are the prime factors of o?
2, 73
Let v be (-1)/(-3) - (-4)/(-3). Let i be (-1 + 2)/(v/(-4)). Suppose -104 = -4*c + 4*z, i*c - 2*c - 4*z = 48. What are the prime factors of c?
2, 7
Suppose -g + 72 = -5*w + 3*g, 2*w = -5*g - 9. Let r(z) = -3*z - 17. Let d(k) = -15*k - 86. Let c(y) = -2*d(y) + 11*r(y). What are the prime factors of c(w)?
3, 7
Suppose -5*q - 5 + 68 = t, t = q - 15. List the prime factors of q.
13
Suppose -101*d = -104*d + 360. What are the prime factors of d?
2, 3, 5
List the prime factors of (1 + -807)*49/(-98).
13, 31
What are the prime factors of (-2 - (-4)/8)/(16/(-736))?
3, 23
Suppose 2*y - 4*z = 4*y - 26, -25 = -3*y + z. Suppose -7*g - 28 = -y*g. List the prime factors of g.
2, 7
Suppose -72 = -3*t + 5*t. Let o = t + 81. Suppose -2*g + 93 = -3*m, g - 6 = 3*m + o. What are the prime factors of g?
2, 3, 7
Let q = 1377 + -965. Suppose -2*k + 7*v - 2*v + 148 = 0, 2*v = 5*k - q. Suppose -3*s = s - k. What are the prime factors of s?
3, 7
Suppose -3*y - 11 = 5*p, p - 12 = 4*y - 5. Let s be (p/2)/((-3)/18). Suppose 0 - 1 = -s*g + 2*f, 20 = 5*f. List the prime factors of g.
3
Let s be (-2)/(-3)*531/6. Suppose -4 = 5*k - s. List the prime factors of k.
11
Let b(m) = -34*m + 4. Let y be b(-1). Suppose -r = -y - 16. List the prime factors of r.
2, 3
Suppose -3*p + 3 + 3 = 0. Suppose 3*d - 4*c = 2, -d - p*d = 4*c - 10. Suppose 4*i - d*i = 42. List the prime factors of i.
3, 7
Let h = 547 + -312. What are the prime factors of h?
5, 47
Let l(f) = f**3 - 20*f**2 - 16*f - 9. Let y be l(13). List the prime factors of ((-12)/(-10))/((-12)/y).
2, 5, 7
Let w = -61 - -71. Suppose -4*q + k + w = 6*k, -q + 5*k = -15. What are the prime factors of q?
5
List the prime factors of ((-2)/6 - 3771/18)*-6.
1259
Let v(d) = d**2 + 10*d + 21. Let h = 75 - 183. Let y be h/(-6)*(-1)/2. What are the prime factors of v(y)?
2, 3
Let h be 9094/6 + (-4)/6. Suppose -11*g = h - 3847. What are the prime factors of g?
2, 53
Suppose -k + 4*k = 9. Let b(q) = 27*q + 2. Let h be b(3). Suppose 0 = -k*t + h + 64. What are the prime factors of t?
7
Let g(i) = 36*i - 5*i - i. Let o be g(-4). List the prime factors of (o/18)/((-2)/6).
2, 5
Suppose 27 = 3*a - 3*y, -4*a + 47 = a - 3*y. List the prime factors of (-2 - (-546)/8) + a/(-40).
2, 3, 11
Let r(z) be the first derivative of z**6/180 + z**5/15 + z**4/8 - 4*z**3/3 + 6. Let g(j) be the third derivative of r(j). List the prime factors of g(-5).
13
Let b(j) = -2*j + 11. Let w be b(-5). Let t = w + 3. What are the prime factors of t?
2, 3
Suppose 0 = 2*f + 3*w - 8, 2*f + w = -w + 4. Let a be 3/(-6)*(f - 10). Suppose 5*c = 4*c - 4*b - 4, -4*c - 5*b + a = 0. What are the prime factors of c?
2
Let d = 480 - 151. Let p = d + -189. What are the prime factors of p?
2, 5, 7
Let c be 68 + (-5 - -6) + -3. Let t be (-2)/3 + 852/9. Let s = t - c. What are the prime factors of s?
2, 7
Let g be (-1)/(33/42 - (-2)/(-7)). List the prime factors of (8/6)/g + 6578/66.
3, 11
Let l be (-10)/15*-1*